). Let f(c) be the third derivative of -c**5/60 + c**4/24 + 4*c**3 + 18*c**2. What is the tens digit of f(i)?
2
Let g(p) = 2369*p**3 + 3*p**2 + 9*p - 10. What is the hundreds digit of g(1)?
3
Let k(u) = -139*u**3 - 2*u**2 + 2*u - 1. Let h be k(1). Suppose -7*j + 6*j = 1. What is the tens digit of (j/(-2))/((-2)/h)?
3
Let f(b) = -b**3 + 4*b**2 + 6*b - 2. Let v be f(5). Suppose -v*p + 0*c + 10 = c, -4*p = -2*c - 10. Suppose -p*i - 4 = -85. What is the tens digit of i?
2
Let c(w) = 3*w**3 - 5*w**2 + 7*w + 7. What is the units digit of c(6)?
7
Suppose -4*q = -h + 397, 5*h + 415 = 6*h + 2*q. What is the hundreds digit of h?
4
Suppose 4 = 2*a, 10*j - 7*j + 2*a - 736 = 0. What is the tens digit of j?
4
Let s be 5*(-5 + -65)/(-5). Suppose -14 = -v + s. What is the tens digit of v?
8
Let q be (-2266)/(-44) + 1/2. What is the tens digit of 4204/q - 6/(-39)?
8
Let q = -87 - -137. Let r = q - 9. What is the units digit of r?
1
Suppose -5*z = -4*o - 2*z + 29, 3*o = -4*z + 3. Suppose o*h - 10*h + 340 = 0. What is the units digit of (-1)/(-1 - (-66)/h)?
4
Let c = -241 + 462. What is the units digit of c?
1
Suppose 4*z - 100 = -z. Suppose c - z = 20. What is the tens digit of c?
4
What is the units digit of 46/483 - 38342/(-42)?
3
Let a = 804 + -164. What is the tens digit of a?
4
Let r = -31 + 34. Suppose 0 = r*f + 22 - 205. What is the tens digit of f?
6
Let u be 8 - (12/8 - 2)*2. Suppose u*q - q = 160. What is the units digit of q?
0
Let h(a) = -224*a - 8. Let n be h(1). Let o = -60 - n. What is the tens digit of o?
7
Let n(j) = 5*j + 12. Let c be n(7). Suppose c = -2*m + 3*m. What is the tens digit of m?
4
Let c = -983 + 1672. What is the units digit of c?
9
Let i = 8 - -6. Suppose 0 = 13*s - i*s + 32. Suppose 0 = -s*d + 37*d - 155. What is the units digit of d?
1
What is the tens digit of ((-6)/12)/((-2)/(-12)) - -280?
7
Let k(j) be the third derivative of -j**5/60 - j**4/6 - j**3/3 - 2*j**2. Let w be k(-4). What is the units digit of 2 - (-64 + (-2)/w)?
5
Let i = 1482 + -828. What is the units digit of i?
4
Suppose 8*f - 7*f - 1428 = 0. What is the units digit of f?
8
Suppose 0 = 8*a - 4*a + 976. Let t = 362 + a. What is the units digit of t?
8
Let o be (-5 - -8)/((-1)/(34/(-3))). Suppose -3*f - 72 = -v, -v - f = -o - 34. What is the units digit of v?
9
Let s = 44 + 390. What is the tens digit of s?
3
Let l(c) = -c**3 + 4*c**2 + 7*c. Let i be l(5). Let x(w) = -5*w + w - i*w - 1 - 2*w. What is the units digit of x(-1)?
5
Let t(u) = 2*u**2 + 8*u + 1. Let k be t(12). Suppose 5*c = y + y - k, 2*c + 572 = 3*y. What is the units digit of 1/(-2 - (-385)/y)?
8
Let k(h) = h**2 - 8*h + 12. Let y be k(7). Suppose 4*v + 12 = 0, -4*p + 0*p - y*v = -549. What is the tens digit of p?
4
Let t be (242*-1 + -1)*(-4)/3. Suppose -t = -46*c + 42*c. What is the tens digit of c?
8
Suppose -9*g + 4 = -7*g. Suppose -l - g + 5 = 0. What is the units digit of 50/l - (-2)/(-3)?
6
Let o(m) be the third derivative of m**5/20 + 5*m**4/6 + 7*m**3/3 - 29*m**2. What is the units digit of o(-7)?
1
Let r(w) = -2*w**2 + 15*w - 7. Let o be r(7). Let n be o - (4 + -61 - 1). Suppose 2*u - n - 8 = 0. What is the units digit of u?
3
Let t be (0 + -2)*(-69)/(-6). Let a = t - -24. Let u = 26 - a. What is the tens digit of u?
2
Suppose -5*a + 2*p + 2571 = -0*p, 0 = a - 3*p - 509. What is the tens digit of a?
1
Suppose 0 = 5*i - 2*h - 9440, -2*i - 2*h + 9440 = 3*i. What is the hundreds digit of i?
8
Suppose -2*l + 6 + 46 = 0. Suppose 2*n - 8 = -8. Suppose n = -3*x + l + 34. What is the units digit of x?
0
Suppose -c + 5*j = -11, 3*j - 5*j + 22 = 2*c. Let a be 0 + c - (1 - 2). Suppose 160 = -8*q + a*q. What is the units digit of q?
0
Suppose -o + 11*o - 120 = 0. Suppose 35*z = 36*z - o. What is the units digit of z?
2
Let b = 254 - 233. What is the units digit of b?
1
Let m(r) = -52*r - 1. Let h be m(2). Let v be (-14)/h - 1316/(-30). Let w = v + -18. What is the units digit of w?
6
Let x = 34 - 33. What is the units digit of (-2 + (-46 - -7))*-3*x?
3
Suppose -u + 251 = 2*b, 0*b - 257 = -2*b + 5*u. What is the units digit of b?
6
Suppose -30*l - 36*l + 36366 = 0. What is the hundreds digit of l?
5
Let y = 63 - 5. Let f = y + -31. Suppose -2*p + f = -p + m, -p + m + 27 = 0. What is the units digit of p?
7
Let g be 36/(-126) + (-58)/(-7). Suppose g*k - 6*k + 24 = 0. What is the units digit of -46*(-2 - k/8)?
3
Suppose -z = -146 - 654. Suppose 5*s + 5*l - 805 = 4*l, 5*s - z = -2*l. What is the units digit of s?
2
Suppose -3*t = -22*t + 10032. What is the tens digit of t?
2
Let b = -51 - -53. What is the units digit of b + (52 - -1) + (-2)/(-1)?
7
Let m = 2 - 0. Suppose 3*n = m*n + d - 24, 4*n = 3*d - 94. Let r = n - -27. What is the units digit of r?
5
Suppose 2*w = -2*f - 3*w + 23, -f - 4*w = -16. Suppose -328 = -4*k - 2*j, f*k - 412 = -k - 2*j. What is the units digit of k?
4
Suppose -11*u - 44*u = -6380. What is the units digit of u?
6
Suppose 5*w + 4*z + 9340 = 2*w, 4*z = 5*w + 15620. What is the units digit of (-7)/(-1)*w/(-70)?
2
Let o(h) = 291*h**2 + 25*h - 92. What is the tens digit of o(4)?
6
What is the units digit of 2/18*-2 - (-38406)/54?
1
Let d(g) = 3*g**2 + g + 7. Let b be d(6). Suppose 9*o - 11*o - 62 = -l, -3*o - b = -2*l. What is the tens digit of l?
5
Let b = -9474 - -14835. What is the thousands digit of b?
5
Suppose -3*m - 56 = -5*q - 12, 4*q + 62 = -3*m. Suppose -5*k - i - 45 = 0, -3*i - 9 = k - 6*i. What is the tens digit of 132/2*k/m?
3
Let i(a) be the first derivative of a**4/4 - 7*a**3/3 - 13*a**2/2 + 6*a + 23. What is the units digit of i(9)?
1
Let y(g) = -g**2 - 44*g + 40. What is the tens digit of y(-28)?
8
Let b = 4 - 0. Suppose -3*q = -11 - b. Suppose 0 = -3*j + 4*n - 0*n + 6, 10 = q*j + 2*n. What is the units digit of j?
2
Let o(p) = 2*p**2 + 15*p + 8. What is the hundreds digit of o(-12)?
1
Let k(g) = g**3 + 6*g**2 - 6*g + 1. Let d be 2*13 + 15/(-15). Suppose -z - d = 4*z. What is the tens digit of k(z)?
5
Suppose m = -0*m + i + 69, -5*i = -15. Let y = m + 32. What is the units digit of y?
4
Let b = 27 - -11. Suppose 0 = -19*k + 20*k - 21. Suppose z = k + b. What is the tens digit of z?
5
Suppose 13*d = 3*d + 1310. Suppose d = 4*h - 21. What is the units digit of h?
8
Let a(q) = -6*q**2 - q + 4. Let c(l) = -l**2 - 4*l + 2. Let m be c(-4). Let d be a(m). Let o = d - -30. What is the units digit of o?
8
Let v(d) = -d**3 - 13*d**2 + 12*d + 14. Let o be v(-15). Suppose 0*l = -l + o. Let k = -201 + l. What is the units digit of k?
3
Suppose 13*o = 12*o + 324. Suppose -o = 3*r - 9*r. What is the units digit of r?
4
Let n be (1/(-9))/(16/48)*3. What is the tens digit of 6/(-24) + (1354/(-8))/n?
6
Let w(t) = 13*t. Let h be w(1). Suppose 0 = 2*j - j - h. What is the tens digit of j?
1
Suppose 25298 = 46*j - 39*j. What is the units digit of j?
4
What is the hundreds digit of (6 + (-10112)/40)/((-4)/50)?
0
Let r(h) = -h**3 - 2*h**2 + 7*h + 7. Let u be r(-6). Let n = 57 - 53. Suppose -n*d = -23 - u. What is the tens digit of d?
3
Suppose -17*c - 378 = -18*c. Suppose 5*f = -o + 126, 4*f + c = 3*o - f. What is the tens digit of o?
2
Suppose -3*a = 4*a - 224. What is the units digit of a?
2
Suppose 2*k = 3*k - 12. Let b be -3 + 6/(k/(-70)). Let p = b - -58. What is the tens digit of p?
2
Let u(b) = 5*b**2 + 8*b + 2. Let r(y) = 14*y**2 + 24*y + 6. Let m(g) = 4*r(g) - 11*u(g). Let q be m(-8). Suppose q*w - 2 = -0. What is the units digit of w?
1
Suppose -9 + 10 = -y. Let t(s) = -51*s + 1. What is the units digit of t(y)?
2
Let b = -27 + 28. Suppose 3*y + b - 175 = 0. What is the units digit of y?
8
Suppose 7 = b - 2*r, -3*b + 3*r + 5 + 10 = 0. Suppose y - 3*d - 262 = -4*y, d = b*y - 154. Suppose -y = -13*z + 8*z. What is the units digit of z?
0
Let c = -7 - -9. What is the tens digit of (84/(8/c))/((-2)/(-4))?
4
Suppose -4*s = 20, 4*n = -0*n - 2*s + 158. Let c = -48 - -53. Suppose c*p = 10, -p + 4 - n = -2*q. What is the tens digit of q?
2
Let k(s) = -16*s + 82. What is the units digit of k(-24)?
6
Suppose 3*p - 8*p = 0. Let c = p - 6. Let r(g) = g**3 + 5*g**2 - 7*g + 3. What is the units digit of r(c)?
9
Suppose -12*y = -7*y - 4*h - 2808, 0 = 4*y - 5*h - 2250. What is the units digit of y?
0
Let v(x) = 2*x**2 + x - 5. What is the units digit of v(3)?
6
Let l(o) = 2*o - 13. Let i(t